ivative of 7/6*y**3 + 15*y**2 - 2*y + 1/8*y**4 + 1/60*y**5 + 0. Determine c(-3).
7
Suppose 0 = -34*p - 123 - 176 + 61. Let g(i) = -i**3 - 9*i**2 - 9*i - 2. Determine g(p).
-37
Let c(s) = 9*s**3 - 27*s**2 - 65*s + 109. Let z(w) = -w**3 + 3*w**2 + 7*w - 12. Let m(j) = -2*c(j) - 19*z(j). Calculate m(4).
14
Let t(r) = -r + 7. Let o be (-4)/(-6) + ((-643)/(-3) - -10). Let m = o + -219. Determine t(m).
1
Let d be (-27)/(-18)*-22*(-12)/9. Suppose 5*r - 70 = 5*h, 3*r + h - 19 - 19 = 0. Let l(m) = r + 18 - d + 15 - m**2 - 4*m. Calculate l(-5).
-3
Let d(c) = -4*c + 7. Suppose 2*k = -2, -a - 4*k = k + 13. What is d(a)?
39
Let w(f) = -f**3 - 11*f**2 - 23*f - 31. Let k(l) = -804*l + 16071. Let j be k(20). What is w(j)?
14
Suppose 94*c - 90*c - 18912 = 0. Let z(g) = 0 + 4740*g**2 - 8 - g - c*g**2 + g**3. What is z(-12)?
4
Let x(c) = 85*c + 23 - c**2 - 5 - 86*c + 5*c. Determine x(7).
-3
Let m(l) be the second derivative of l**5/10 - 11*l**4/12 - 5*l**3/3 + 6*l**2 - 2*l - 52. Calculate m(6).
-12
Let a(i) = 7*i + 247. Let n be (-88)/32 + (-645)/20. What is a(n)?
2
Let a(f) = -f**3 + 26*f**2 - 90*f + 9. Let p be 16/(-10)*-10*3/12. Determine a(p).
1
Suppose -218 = 241*l - 941. Let d(n) = 4*n**2 - 5*n + 1. Calculate d(l).
22
Let b(o) = -7*o**3 - 26*o**2 - 20*o - 24. Let z(h) = -6*h**3 - 24*h**2 - 19*h - 23. Let g(j) = -5*b(j) + 6*z(j). Determine g(-13).
-5
Let b(o) = -o**2 - 23*o + 1. Suppose 4*l - 116 = 4*s, -37*l - 101 = 4*s - 38*l. Calculate b(s).
-23
Let u(j) = -j**3 + 7*j**2 + 5*j - 5. Let t be (176/(-20))/(((-2)/(-10))/(-1)). Let g = 52 - t. Determine u(g).
-29
Suppose -3*z = 22 - 7, -i - 3 = z. Let o(c) = 2*c**2 + 1 - 12*c**2 + 11*c**i - c. What is o(1)?
1
Let y = 84 - 55. Let f(h) = h**2 - y - 4*h + 28 + 0*h. Suppose -5*p = 5*m, -m = -3*p - 1 - 11. Calculate f(m).
-4
Suppose -11135*m + 11122*m = -143. Let v(c) = -3*c**3 + 34*c**2 - 12*c + 12. What is v(m)?
1
Let o = 7334 + -7335. Let f(b) = -10*b**2 + 8*b + 5. Give f(o).
-13
Suppose 37*k = 31*k + 72. Let g(i) = 6 + 13*i**3 - 11*i**2 - 26*i**3 + 14*i**3 - k*i. Give g(12).
6
Suppose -z + 84 = 3*z - 4*x, -3*z = -5*x - 65. Let d(j) = 11 + z - 42 + 5*j + 14 + 8. Calculate d(-8).
-29
Let n(r) = 3*r**2 - r + 1. Let b = 173 - 177. Let p be 0 + b*(-6)/(-12). Give n(p).
15
Suppose 0 = x + 7*p - 2*p - 27, x - 3*p = -21. Let q(f) = 26*f + 25. What is q(x)?
-53
Let h(f) = -24*f**3 - 63*f**2 + 142*f + 35. Let r(b) = -7*b**3 - 20*b**2 + 48*b + 12. Let n(l) = -2*h(l) + 7*r(l). Determine n(-17).
-3
Let u(q) = -3*q + 7*q + 140482 - 70235 - 70333. What is u(19)?
-10
Let d(h) = -h + 14. Let q be d(-20). Let z = 20 - q. Let l = 19 + z. Let i(f) = f**3 - 5*f**2. What is i(l)?
0
Let f(r) = r**3 - 23*r**2 + 20*r + 44. Let q be 1375/75*12/10. Calculate f(q).
0
Let p(m) = 28*m - 43. Let v(b) = -44*b + 66. Let f(l) = 8*p(l) + 5*v(l). What is f(5)?
6
Let f(p) = -5*p**2 - 4*p + 4. Let u(m) = 2*m**3 - 51*m**2 + 212*m + 161. Let s be u(20). Determine f(s).
-5
Let y(n) = -2*n**3 + 36*n**2 + 25*n + 265. Let j be y(19). Let d(q) = q**2 - 15*q - 68. Calculate d(j).
-14
Let o(i) = i**2 + i + 10. Let s(h) = -h**2 - h. Let x = 58 + -62. Let t(a) = x*s(a) - o(a). Let j(g) be the first derivative of t(g). Give j(-4).
-21
Let b(c) be the second derivative of 2*c**2 + 295*c + 1/6*c**3 + 0. Determine b(-9).
-5
Let h(k) = -46*k + 61*k + 16 - 14*k. Let f(d) = -3*d**2 + 6*d + 17. Let i be f(-2). Give h(i).
9
Suppose 5*d + 2*a = 7, 11*d - 4*a = 13*d - 6. Let o(r) = -r**3 + 4*r**2 + r - 2. Let c be o(4). Let f(x) = -44*x + 6*x**c - d - 4*x**2 + 48*x. Give f(-4).
15
Let c be (-6)/16*-2 + (-4)/(-16). Let q be 12/c*(-7)/(-21). Let f(o) = 7 + 3*o - 4 - q. Calculate f(1).
2
Let y(s) = -s**2 - 18*s + 24. Suppose -253 - 752 = 69*g - 39. Give y(g).
80
Let r(w) = -16*w - 508. Let l = 6239 - 6270. Give r(l).
-12
Let o(f) be the third derivative of -f**7/5040 + f**6/180 + f**5/12 + f**3/6 - 61*f**2. Let n(i) be the third derivative of o(i). Give n(3).
1
Let j = 53 + -49. Let t(p) = 3*p + 8*p - j*p + 9 + p**2. Calculate t(-6).
3
Let l = 3441 + -3427. Let v(k) = k - 32. Determine v(l).
-18
Let p(n) = 4*n**3 - 19*n**2 - 16*n - 189. Let j(z) = -7*z**3 + 36*z**2 + 32*z + 369. Let y(c) = -5*j(c) - 9*p(c). Calculate y(-9).
0
Let h(c) = -311*c - 11. Let k(s) = -133*s - 5. Let p(m) = -3*h(m) + 7*k(m). Suppose -2*x + 0*x + 3*l = -4, 5*x + 5*l = 35. Let n = x - 12. Calculate p(n).
-16
Suppose -4*l + 35 = -2*s + 5*s, -2*l = -4*s + 10. Suppose 0 = -3*x - 4*r + 1 + 23, -s*r = 4*x - 32. Let n(z) = -x*z + z**2 - 16*z + 25*z. Determine n(-2).
2
Suppose -2*z = -7*z + 80. Suppose z = -9*h - 11. Let p be 1/((170/12)/(-5) - h). Let i(f) = f**3 - 7*f**2 + 4*f. Calculate i(p).
-12
Let d(f) = -7*f - 24. Let c(b) = -b**2 - 13*b - 4. Let x be c(-13). Calculate d(x).
4
Let o(l) = -2 + 4*l**3 - l**3 + 0 - 2*l**3 - l**2. Suppose -12 = c - 18*j + 21*j, -5*j - 18 = c. Let r be (1/2)/(c/(-2))*6. Calculate o(r).
2
Let c be ((-12)/9)/((-2)/(-6)). Let b(d) = 2*d. Let x(z) be the third derivative of -3*z**4/8 + z**3/6 - 97*z**2. Let p(w) = -5*b(w) - x(w). Calculate p(c).
3
Let g = 87 - -1. Suppose 83*r + 15 = g*r. Let s(o) = o**3 - 3*o**2 + 4*o - 3. What is s(r)?
9
Let l be ((-21)/(-2))/7*(-342)/57. Let i(u) = -u**3 - 9*u**2 + 3*u + 20. Calculate i(l).
-7
Let a = 54 + -51. Let x(c) = -c**2 + c - 1. Let r(i) = i**2 - 5*i. Let p(n) = a*x(n) + r(n). Let k(d) = 3*d**3 + 7*d**2 + 6*d. Let w be k(-1). What is p(w)?
-7
Let h(t) = -5*t**3 + 3*t**2 + 4 + 71*t - 8*t**2 - 88*t. Let u(g) = -6*g**3 - 5*g**2 - 20*g + 5. Let x(l) = 5*h(l) - 4*u(l). Calculate x(-3).
-3
Let h(a) = 80*a + 65. Let n(j) = -115*j - 64. Let i(g) = 3*h(g) + 2*n(g). What is i(-7)?
-3
Let o(x) = -2*x**2 - 7*x - 7. Let s(d) = d**2 + 101*d + 1949. Let h be s(-75). Calculate o(h).
-2
Let g(k) be the third derivative of k**4/12 - k**3/2 + 125*k**2 + 2*k - 9. Suppose 0 = -6*c + 4*c + 14. What is g(c)?
11
Let d(v) be the second derivative of v**5/60 - v**4/24 + 7*v**3/3 - 5*v**2 - 26*v. Let o(i) be the first derivative of d(i). Determine o(0).
14
Let o = 7 - 10. Let y = -164 - -165. Let z be (o/3)/y - 4. Let u(g) = 2*g**2 + 7*g - 2. Give u(z).
13
Let a(m) = -m**3 - 4*m**2 + 3. Let i(r) = 4*r**2 - 6*r**2 + r - 5*r + 20. Let d be i(-6). Let v = d - -24. Determine a(v).
3
Let j(y) = 4*y**3 - 22*y**2 - 8*y - 18. Let v = -25859 + 25865. What is j(v)?
6
Suppose -z + 9 = -j - 5, 3*j = -4*z + 28. Let u(y) be the first derivative of y**3/3 - 9*y**2/2 + 6*y + 1505. Calculate u(z).
16
Let b(g) be the first derivative of g**2/2 + 13*g + 2. Suppose 3*o + 13 = -2*w, 0 = -2*w + 2415*o - 2412*o - 31. Give b(w).
2
Let c(s) = s**2 + 2 - 2 + 4 + s - 5*s. Suppose -21 = -n + 2*d, -148*n - 5*d = -151*n + 56. What is c(n)?
25
Let t(w) = -2*w. Let d = 102 + -100. Suppose 5*c - 2*g = -6 + 36, d*g + 6 = -c. Suppose 0 = -7*z + 11 - c. What is t(z)?
-2
Let p = 11850 - 11846. Let z(s) be the second derivative of 2/3*s**p - 1/20*s**5 + 0 - 4/3*s**3 + 9/2*s**2 + 24*s. Determine z(7).
2
Let y(o) = -7*o - 1098*o**2 + 4 + 2229*o**2 - 1112*o**2 - 7. Determine y(3).
147
Let f(o) = o**3 + 11*o**2 + 8*o - 14. Let n be -28 + 20 + 0 + -2. Calculate f(n).
6
Let n be (0*-2*(-3)/(-12))/(-1). Suppose n*m - 5*m = -40. Let p(j) = 2*j + 9. What is p(m)?
25
Let u be 1/((1*-4)/4). Let v = 5 + u. Let s(i) = 11*i + 7*i - 22*i + 2*i. Determine s(v).
-8
Let v(f) = 8*f**3 + f**2 - f + 1. Let d(u) = 4*u**2 + 51*u - 12. Let k(p) = -p + 13. Let j be k(26). Let g be d(j). What is v(g)?
9
Suppose 8*l + 70 - 102 = 0. Let h(g) be the second derivative of 5*g + 1/6*g**4 + 0 - 5/2*g**2 - 1/6*g**3. What is h(l)?
23
Let p be (-1 - 1 - 0) + 7 + -3. Let u(s) = -4 - 10*s**2 - 3 - 9*s**2 + 18*s**p - 7*s. Let w(g) = -g**3 + 6*g**2 - 5*g - 6. Let z be w(5). What is u(z)?
-1
Let o(c) be the first derivative of -2/15*c**5 + 1/4*c**4 + 1/120*c**6 - 21 + 6*c**2 - 7/6*c**3 + 0*c. Let j(d) be the second derivative of o(d). Give j(7).
-14
Let k(n) = n**3 - 681*n**2 + n**3 + n**3 - 6 - 5*n**3 + 695*n**2. What is k(7)?
-6
Suppose -9 = -63*z + 66*z, -4*j - 2*z = -2. Let t(g) = -g**3 - 2*g**2 + 5*g + 2. Give t(j).
-4
Let m = -272 - -279. Let r = -9 - -14. Let b(f) = -7 + f**2 - 8*f + r + 7. Calculate b(m).
-2
Let l(g) = 2*g + 12. Let r(j) = 6*j + 169. Let i(m) = 4*l(m) + r(m). Determine i(-16).
-7
Let b(v) = 11*v**3 + 7*